What is o(-6)?
62
Let t(n) = 83*n**2 + 2605*n + 7873. Determine t(-28).
5
Let z(k) = -2*k**3 - 4*k**2 + 133*k + 20. Determine z(-11).
735
Let r(z) = 2*z**3 - 4*z**2 + 135*z - 883. Determine r(6).
215
Let l(v) = 770*v + 200979. What is l(-261)?
9
Let u(v) = 6*v**2 + 1004*v - 14853. Give u(-181).
-11
Let y(s) = -2*s**3 - 23*s**2 + 4662*s + 1074. Give y(43).
-1
Let w(b) = -324*b**2 + 5826*b + 120. What is w(18)?
12
Let w(r) = 2*r**3 - 154*r**2 + 2647*r - 3. Determine w(26).
-133
Let f(g) = g**2 - 819*g + 22233. Calculate f(28).
85
Let a(i) = -8*i**3 - 1745*i**2 + 12605*i + 18. Give a(7).
4
Let n(x) = 2628*x + 178887. Calculate n(-68).
183
Let z(h) = 34*h**3 + 10*h**2 - 34*h + 108. Calculate z(4).
2308
Let v(b) = -2033*b + 26641. What is v(13)?
212
Let h(p) = -p**3 + 70*p**2 - 956*p + 790. What is h(52)?
-250
Let h(r) = 6851*r - 904245. Give h(132).
87
Let r(g) = 3*g**2 + 378*g + 1069. Determine r(-119).
-1430
Let c(r) = 3*r**3 - 63*r**2 + 296*r - 28. Give c(14).
0
Let m(f) = -2*f**3 + 377*f**2 - 17693*f - 635. What is m(100)?
65
Let v(f) = -2*f**3 - 30*f**2 - 185*f + 102. Calculate v(-11).
1169
Let c(n) = -5*n**2 - 1266*n + 24376. Give c(18).
-32
Let y(z) = -z**2 - 80*z - 845. Give y(0).
-845
Let c(w) = -57*w**3 - 451*w**2 + 41*w + 13. What is c(-8)?
5
Let q(g) = -3960*g + 36085. Give q(10).
-3515
Let n(x) = -2793*x - 43718. Determine n(-15).
-1823
Let k(r) = r**2 + 315*r - 10539. What is k(30)?
-189
Let o(u) = -2*u**3 - 1755*u**2 + 4777*u + 331771. Determine o(-880).
11
Let g(j) = j**2 + 1085*j + 102877. Calculate g(-105).
-23
Let m(y) = 2*y**3 + 254*y**2 + 385*y + 16948. Determine m(-126).
190
Let s(w) = -3565*w**2 + 3549*w + 26. Calculate s(1).
10
Let z(v) = v**2 - 269*v - 6386. Determine z(-22).
16
Let q(l) = -11317*l + 21943. Give q(2).
-691
Let v(g) = 4*g**3 + 37*g**2 - 6762*g + 6. Give v(-46).
6
Let o(k) = -k**2 - 105*k - 4205. Calculate o(-66).
-1631
Let c(w) = -86*w**2 - 26397*w + 1439. Give c(-307).
-96
Let u(o) = o**3 + 59*o**2 - 209*o - 5295. Calculate u(-61).
12
Let g(k) = k**3 + 11*k**2 + 10*k - 16. Calculate g(-10).
-16
Let t(q) = -3297*q - 23082. Calculate t(-7).
-3
Let h(r) = -2*r**3 - 11*r**2 - 201*r - 2003. Calculate h(-8).
-75
Let y(t) = 7*t**2 - 1876*t + 108207. Determine y(84).
15
Let y(a) = a**2 + 123709*a - 2350831. Calculate y(19).
1
Let o(k) = 27*k**2 - 878*k + 2767. Determine o(29).
12
Let h(o) = 23*o + 162. Calculate h(5).
277
Let c(n) = 2293*n - 1144241. What is c(499)?
-34
Let y(k) = 12*k**3 - 381*k**2 + 931*k + 792. Give y(29).
38
Let v(f) = 8560*f + 744760. Calculate v(-87).
40
Let w(x) = -296069*x - 296073. Calculate w(-1).
-4
Let n(k) = 8929*k - 107220. Calculate n(12).
-72
Let l(p) = -p**3 + 23*p**2 + 301*p - 6856. Calculate l(24).
-208
Let k(r) = -3118*r**2 + 536291*r + 868. Calculate k(172).
8
Let u(n) = -n**3 - 59*n**2 + 92*n + 2078. Determine u(-60).
158
Let o(w) = -4527*w + 89. Give o(0).
89
Let o(f) = 21*f**2 + 1447*f - 14786. What is o(9)?
-62
Let c(d) = -359*d + 93473. What is c(261)?
-226
Let s(y) = 98*y**3 + 688*y**2 + 20*y - 1. What is s(-7)?
-43
Let g(f) = -2*f**3 + 45*f**2 + 446*f - 10248. Calculate g(22).
48
Let w(v) = -14*v**2 - 805*v - 2287. What is w(-3)?
2
Let k(y) = -22849*y - 139230. What is k(-6)?
-2136
Let v(b) = -333*b**3 + 1488*b**2 - 1493*b + 5. Determine v(1).
-333
Let k(o) = 76*o**2 - 570*o + 108. Give k(5).
-842
Let a(m) = 2*m**2 + 8129*m + 8246053. Give a(-2116).
1
Let r(c) = -3*c**3 - 303*c**2 + 1557*c + 18. Determine r(5).
-147
Let c(z) = 18*z**2 - 624*z + 3079. Calculate c(6).
-17
Let w(y) = y**3 - 100*y**2 + 2280*y - 325. What is w(65)?
0
Let z(f) = 10803*f + 4558864. What is z(-422)?
-2
Let p(z) = -12173*z - 4053610. Determine p(-333).
-1
Let a(s) = s**3 - 41*s**2 - 109*s - 1018. What is a(44)?
-6
Let m(j) = -1174*j - 62866. Determine m(-54).
530
Let w(t) = -2*t**3 + 316*t**2 - 9894*t + 69. Calculate w(43).
-103
Let x(m) = -5976*m - 17864. Calculate x(-3).
64
Let t(g) = 56*g - 1935. What is t(10)?
-1375
Let r(o) = -3*o**3 + 32*o**2 + 870*o - 8558. Give r(10).
342
Let t(m) = -m**3 - 205*m**2 - 215*m - 2891. Determine t(-204).
-647
Let r(o) = -3*o**2 + 412*o + 6795. Calculate r(-15).
-60
Let a(g) = 5*g**2 + 41382*g - 289743. Calculate a(7).
176
Let s(k) = -k**2 - 32717*k - 490553. What is s(-15)?
-23
Let h(o) = -1041*o**2 + 33217*o + 3019. Determine h(32).
-21
Let p(n) = n**2 - 1931*n - 11630. Determine p(-6).
-8
Let q(o) = o**3 + 62*o**2 - 813*o - 6679. Give q(-72).
17
Let y(x) = x**3 + 23*x**2 + 1064*x + 21468. What is y(-21)?
6
Let o(c) = c**3 + 102*c**2 - 5*c + 54. Give o(0).
54
Let s(q) = q**3 + 21*q**2 - 179*q - 1177. Determine s(-26).
97
Let m(j) = -5*j**2 + 274*j + 863. Determine m(-3).
-4
Let c(g) = -g**3 + 213*g**2 + 429*g + 215. Determine c(215).
0
Let r(c) = -c**2 - 1413*c - 395926. Determine r(-385).
-146
Let n(p) = -2208*p + 107828. What is n(49)?
-364
Let l(h) = -1741*h - 618056. What is l(-355)?
-1
Let z(u) = u**3 + 26*u**2 - 519*u - 13251. Give z(-27).
33
Let j(c) = -c**3 - 147*c**2 - 1408*c + 17. Give j(-10).
397
Let m(f) = -15*f**2 + 485*f - 798. What is m(30)?
252
Let o(n) = 167801*n - 8725639. What is o(52)?
13
Let w(t) = 11*t**2 + 1868*t - 13362. Determine w(7).
253
Let h(k) = k**3 - 4*k**2 - 248*k + 748. Determine h(3).
-5
Let z(x) = 533*x + 106049. What is z(-199)?
-18
Let b(d) = 6894*d**2 - 20472*d + 3. Calculate b(3).
633
Let x(z) = -99*z**2 + 62962*z + 1287. Calculate x(636).
15
Let k(c) = -14*c**2 + 212*c + 1353. Calculate k(20).
-7
Let y(n) = -35*n**2 + 251*n - 35. Determine y(7).
7
Let p(m) = 9*m**2 - 161*m + 400. Determine p(25).
2000
Let j(p) = -3*p**2 + 153*p + 3202. Calculate j(-16).
-14
Let c(t) = 2*t**2 + 511*t + 13788. What is c(-30)?
258
Let b(x) = -66*x**2 + 762*x + 1378. Give b(13).
130
Let f(k) = 304*k**2 - 14587*k - 257. What is f(48)?
-17
Let c(v) = 795*v**2 + 138*v + 46. Determine c(-2).
2950
Let n(l) = 304*l + 114642. What is n(-377)?
34
Let n(h) = 144*h**2 - 9714*h + 4434. Determine n(67).
12
Let a(l) = -2*l**2 - 2947*l + 20595. What is a(7)?
-132
Let i(p) = 439*p**2 + 12729*p - 113. Determine i(-29).
-55
Let g(r) = 5*r**3 + 3557*r**2 + 1437*r + 10698. What is g(-711)?
33
Let y(m) = m**2 + 463*m + 53583. Calculate y(-231).
-9
Let x(q) = 2*q**2 + 38*q + 67. Calculate x(-16).
-29
Let f(x) = -4794*x + 556096. Determine f(116).
-8
Let l(f) = -f**2 + 243*f + 7792. Determine l(-29).
-96
Let i(r) = 68*r**2 + 8630*r - 17255. Give i(2).
277
Let n(h) = -4*h**3 - 2*h**2 + 48*h - 20. What is n(-8)?
1516
Let q(v) = v**2 - 123*v + 2745. Calculate q(91).
-167
Let k(u) = -2876*u + 112196. Calculate k(39).
32
Let f(p) = -2*p**3 + 87*p**2 + 500*p + 67. Calculate f(-5).
-8
Let z(o) = -19680*o - 413747. Give z(-21).
-467
Let k(d) = -116*d**2 - 864*d - 364. Determine k(-7).
0
Let g(y) = -194392*y - 13218657. Calculate g(-68).
-1
Let v(i) = -i**3 + 31*i**2 - 27*i - 983. Give v(29).
-84
Let u(w) = -6712*w - 402710. What is u(-60)?
10
Let i(h) = -27*h - 73. Determine i(-1).
-46
Let p(m) = 1144*m - 218244. Calculate p(191).
260
Let d(c) = -5896*c + 56. Determine d(0).
56
Let s(b) = b**3 - 19*b**2 - 516*b - 49. Determine s(-15).
41
Let h(d) = 52*d**2 + 476*d. Give h(-8).
-480
Let h(m) = -3*m**2 - 1499*m - 4458. What is h(-3)?
12
Let d(c) = -64*c**2 - 78*c - 118. Calculate d(-1).
-104
Let z(f) = -74*f**2 - 25084*f + 635. Give z(-339).
-43
Let o(k) = 12041*k - 271. Give o(0).
-271
Let d(b) = 2*b**3 + 57*b**2 + 411*b + 48. Calculate d(-12).
-132
Let w(m) = m**3 - 74*m**2 - 908*m + 72134. What is w(73)?
521
Let q(f) = -f**3 + 24*f**2 + 202*f - 492. Give q(2).
0
Let s(a) = 8307*a + 17869. Calculate s(-2).
1255
Let d(a) = 29159*a - 6998154. Give d(240).
6
Let z(i) = -7546*i - 1486593. What is z(-197)?
-31
Let k(m) = -14*m**2 + 17*m - 137. Calculate k(-7).
-942
Let u(n) = n**3 + 2*n**2 - 3892*n - 15532. Determine u(-4).
4
Let t(o) = -o**2 + 1912*o + 280660. Calculate t(-137).
-53
Let g(i) = 782*i + 13008. Calculate g(-17).
-286
Let g(b) = -1373*b + 4631. Determine g(4).
-861
Let g(w) = 46*w**2 + 6996*w + 438. Give g(-152).
-170
Let o(z) = 20*z**2 + 432*z + 796. Give o(-2).
12
Let r(n) = n**2 - 3398*n + 449874. Calculate r(138).
-6
Let i(x) = -x**3 + 28*x**2 - 21*x - 944. What is i(27)?
-782
Let c(s) = -24*s + 1263. Give c(19).
807
Let c(o) = 3*o**2 - 990*o + 5760